5. Let r(z) = 7*z - 37. Let h be r(k). What are the prime factors of 161 - h/(15/(-9))?
2, 41
Let b = 2795 + 16683. List the prime factors of b.
2, 9739
Suppose -113 = 12*i - 14*i + j, -3*i - 2*j + 173 = 0. Let f = 458 - i. What are the prime factors of f?
401
Let r = -21091 + 46017. What are the prime factors of r?
2, 11, 103
Let c(n) = 50*n + 556. Let y be ((-70)/28)/((-5)/46). What are the prime factors of c(y)?
2, 853
Suppose 91*l + 20421 = 3*s + 93*l, 0 = -5*s - 4*l + 34037. What are the prime factors of s?
5, 1361
Suppose -5*f = a + 1133 + 468, 5*a - 2*f + 8059 = 0. Let y = a + 2388. What are the prime factors of y?
3, 7, 37
Let k = -6618 - -13590. Suppose -10*r - k = -17*r. List the prime factors of r.
2, 3, 83
Suppose 3*m - 81265 = -4*d, 4*m - 815 = d - 21155. List the prime factors of d.
2, 5, 127
Suppose -642165 = 10*v - 103*v. List the prime factors of v.
5, 1381
Let r = 43 + -40. Suppose 6 = r*v - v. Suppose 5*g - 275 = -5*d, v*d + 2*d = -20. List the prime factors of g.
59
Let u be (-1 + (-15)/(-6))/((-33)/11044). Let r = -223 - u. List the prime factors of r.
3, 31
Let t = 343 + -338. Suppose 5572 = t*g - u, -4*g + 2*u + 4445 = -3*u. List the prime factors of g.
5, 223
Suppose 458*c = -295*c + 11990019. What are the prime factors of c?
15923
Suppose -8*x + 60 = -2*x. Suppose -x*m + 7*m + 3 = 0. List the prime factors of -282*m*(-3 - (-5)/2).
3, 47
Let k(p) be the first derivative of p**4/12 - 2*p**3/3 - 15*p**2/2 - 10*p - 3. Let g(d) be the first derivative of k(d). List the prime factors of g(10).
3, 5
Suppose 3*s - a = -6, 3 = a - 0. Let o = -19 + -86. What are the prime factors of o*s/5*3?
3, 7
Suppose -c = 53 - 56. Let r = c + 10. Suppose -2*n + 5*v + 21 = -r, v - 10 = -2*n. List the prime factors of n.
7
Let d be (-65)/30*-3 + (-2)/(-4). Suppose d*g = 497 + 4081. What are the prime factors of g?
2, 3, 109
Suppose 1231 + 134 = u + 3*m, -3*m = 5*u - 6849. Suppose 31*k - u = 28*k. List the prime factors of k.
457
Let q = -1987 + 5561. Suppose 6*b = 770 + q. List the prime factors of b.
2, 181
Let h(x) = 31*x**3 - 16*x**2 + 36*x + 30. What are the prime factors of h(8)?
2, 7583
Suppose -26*r - 16*r + 27*r = -193245. List the prime factors of r.
13, 991
Let h = 53737 + -25041. List the prime factors of h.
2, 17, 211
Let g = -216 + 220. Suppose -g*n + 4934 = -q, 2*n - 3*n + 3*q + 1239 = 0. What are the prime factors of n?
3, 137
Suppose -5*f - 1998 = -q - 5654, 2*f - 1456 = 2*q. Suppose 4*d + 3*s - 1530 = 0, 2*d - 4*s = 44 + f. What are the prime factors of d?
2, 3
Let q be ((-1)/((-15)/18))/((-15)/(-75)). Suppose q*p + 26*p = 43872. What are the prime factors of p?
3, 457
Let b = -15 + -117. Let t = 278 + b. What are the prime factors of t?
2, 73
Let s be (-6)/(-8) + 36/16. What are the prime factors of 1 + 2258/8 + s/4?
2, 71
Let u = 11 - 11. Suppose 80*w - 90*w + 6500 = u. List the prime factors of w.
2, 5, 13
Let h(p) = p**2 - 17*p - 80. Suppose 0 = 27*c + 3*c + 480. What are the prime factors of h(c)?
2, 7
Suppose 1508049 = 98*z + 73*z. List the prime factors of z.
8819
Suppose 0 = -15*j + 12*j - 153. Let i = j - -51. Suppose i = 8*t - 198 - 514. List the prime factors of t.
89
Let a be (-5*(-16)/60)/((-2)/(-3)). Suppose d + 8 = 3*g, -3 = 8*d - 5*d - a*g. What are the prime factors of (1 + -3)*((-243)/2 + d)?
241
Let t(q) = -9 + 3*q + 2*q**2 + 1 - 8. Let f = -962 - -969. List the prime factors of t(f).
103
Suppose -y + n = -23110 - 23947, -5*y + 3*n = -235275. What are the prime factors of y?
2, 3, 1307
What are the prime factors of 10/(-4)*(-1184)/48*(-3)/(-5)?
37
Let c = -654 - 202. Let p = c - -1444. List the prime factors of p.
2, 3, 7
Let d(b) = 8086*b - 81. List the prime factors of d(4).
7, 11, 419
Let z = -28684 - -59695. What are the prime factors of z?
3, 10337
Let j(q) = 11*q - 13. Let m(t) = 4*t - 4. Let l(c) = 3*j(c) - 8*m(c). Let d be l(7). Let r(z) = 3*z + 5. What are the prime factors of r(d)?
5
What are the prime factors of 3/(-12) - 36701/(-8)*2?
5, 367
Let t be (-24)/(-9)*(1396 - (0 + -5)). What are the prime factors of t/16*(0 + 2)?
467
Let r(q) = -q**2 - 7*q + 36. Let k be r(-15). Let g = k + 229. List the prime factors of g.
5, 29
Suppose -10*q - 21*q + 144501 + 168475 = 0. What are the prime factors of q?
2, 631
Let c be ((-1)/((-6)/(-2)))/((-20)/60). What are the prime factors of c/(2/5 + 29/(-85))?
17
Let d = -659 + 662. Suppose -d*j + 2241 = -0*v + v, -5*j + 3739 = 3*v. List the prime factors of j.
2, 373
Suppose 4*j - 4*w + 2112 = 0, -5*w = -4*j - 1788 - 319. Let r = j + 843. Suppose -6*p + p + r = 0. What are the prime factors of p?
2, 31
Let d(j) = j**3 + 18*j**2 + 23*j + 10. Let s(a) = -a - 31. Let u be s(-15). What are the prime factors of d(u)?
2, 7, 11
Let m(n) be the third derivative of n**4/6 + 46*n**3/3 + 59*n**2. List the prime factors of m(23).
2, 23
Suppose 41*n - 70649 = 19*n + 112413. List the prime factors of n.
53, 157
Let g = -8 - 0. Let q = g - -12. Suppose 0 = q*m + 4*p - 175 + 59, -2*m + p = -55. What are the prime factors of m?
2, 7
Suppose 3*c = 6*c + 2*f - 7, 4*c - 17 = 5*f. Let u be (-211)/(0 + c + -4). Let j = -129 + u. List the prime factors of j.
2, 41
Let j be 1 + -1 - (-2 - 427). Let w be 77/14*2 - 4. Suppose -w*y + 4*y = -j. List the prime factors of y.
11, 13
Let p = 23 + -38. Let l be p/(-35) + 988/14. Suppose 23 - l = -2*m. What are the prime factors of m?
2, 3
Let c(h) = -2*h**3 - 100*h**2 + 75*h - 276. List the prime factors of c(-53).
3, 4201
Let v = 147 + -142. Suppose -b + 845 = 3*k, k - 4*b + v*b - 283 = 0. List the prime factors of k.
281
Let r(d) = 1710*d**2 - 120*d + 25. List the prime factors of r(4).
5, 5381
Let y = 266 - 756. Let f = -325 - y. What are the prime factors of f?
3, 5, 11
Suppose -61*a - 9856 = -189*a + 13056. What are the prime factors of a?
179
Let v be 16100/(-21)*(-6)/5. Suppose -v - 1125 = -5*l. What are the prime factors of l?
409
Let v be -29 + 1/(3/6). Let t = v - -25. List the prime factors of 1/t - ((-548)/8 - -1).
67
Suppose -4077*l = -4076*l - 36751. List the prime factors of l.
11, 13, 257
Suppose 557 - 1169 = -34*p. Let s = -110 + 218. Let y = s - p. List the prime factors of y.
2, 3, 5
Let p(j) = j**2 - 24*j + 14. Let m = -94 - -125. List the prime factors of p(m).
3, 7, 11
Suppose z = -z + 92. Let k be -2 - -3 - z/1. What are the prime factors of 10/k + (-1360)/(-45)?
2, 3, 5
Let a = 151 + -160. List the prime factors of (-3 - 939/a) + 8/12.
2, 3, 17
Suppose 3*b - 12 = 0, -11949 = -218*m + 215*m + 3*b. List the prime factors of m.
3, 443
Let d(u) = u**3 + 6*u**2 + 4*u - 4. Let r be d(-4). Suppose -w = 3*w - r. Suppose -y - w*q + 112 = -4*q, y - 4*q = 109. List the prime factors of y.
113
List the prime factors of (314 - -23532) + ((-21)/9 - -2)*0.
2, 11923
Let y = -14841 - -27749. What are the prime factors of y?
2, 7, 461
Let i = 92256 - 64013. List the prime factors of i.
61, 463
Suppose 2*w + 4*u = 28, -4*w = 3*u - 0*u - 36. Suppose w + 4 = -2*k. List the prime factors of (k/15 + 0)/((-1)/153).
3, 17
Let o = -939 - -964. List the prime factors of o.
5
Let p be 9/15 - 1*(-565)/(-25). Let a(z) = -3*z + 89. What are the prime factors of a(p)?
5, 31
Let o = 205 + -91. Suppose -5*k + 0*k + 2*a = -o, 9 = k - 5*a. What are the prime factors of 1*-3 + k/32*100?
2, 3
Suppose 0 = -t + 3, -5*y + 8*t + 88 = 4*t. Suppose y*c - 8735 = 12545. List the prime factors of c.
2, 7, 19
List the prime factors of (-2 + 49179/(-9))*(339 + -348).
3, 23, 31
Suppose -41 = -3*s + 43. Suppose -s*j + 1384 = -20*j. What are the prime factors of j?
173
Let x = 26 - 18. Let a(p) = -p**3 + 10*p**2 - 8*p + 18. What are the prime factors of a(x)?
2, 41
Let d = 15791 - 10580. List the prime factors of d.
3, 193
Suppose 3*p = 23 + 37. What are the prime factors of 330/p*(-138)/(-9)?
11, 23
What are the prime factors of (-12)/(16/(-80)*10) + 28114*1?
2, 5, 19, 37
Suppose 4*n - 8 = 0, 4*o + 4*n + 394 = -102. Let u = o - -130. List the prime factors of (400/(-1) - u)/(-2).
2, 101
Let k = -217 + 1306. Let d = 15 + k. What are the prime factors of d?
2, 3, 23
Suppose -1406 - 4434 = -8*c. List the prime factors of 6 + c - (4 + 2).
2, 5, 73
Let w = 28 - 18. Suppose -43 = -o + w. Let d = o - 8. What are the prime factors of d?
3, 5
Let i = -3711 + 6155. Suppose 4*